t the prime factors of b.
2, 7
Let z(v) = v**3 + 17*v**2 + 4*v - 8. Let d(q) = q**3 + 16*q**2 + 4*q - 8. Let u(p) = 6*d(p) - 5*z(p). What are the prime factors of u(-9)?
2, 59
Suppose x + p = -69 + 2032, -5893 = -3*x - 2*p. What are the prime factors of x?
7, 281
Suppose -11*v = -29*v + 2682. What are the prime factors of v?
149
Let t be 7/21*12/(-1). Let j(g) = 3*g + 9. Let x be j(t). What are the prime factors of ((-22)/x)/((-10)/(-15))?
11
Let b be (-2)/(0 + (-1)/2). Let u(c) = -2*c**2 - 9*c - 6. Let a be u(-3). List the prime factors of 2 + b/a*3.
2, 3
Let v be 6/21 + 46/(-14). Let u(s) = -3*s**3 - 4*s**2 - s - 2. List the prime factors of u(v).
2, 23
Let s = -1104 + 1559. What are the prime factors of s?
5, 7, 13
Let v(d) = d**2 - 3*d - 7. List the prime factors of v(6).
11
Let z(o) = 4*o**3 + 6*o**2 + 7*o + 11. What are the prime factors of z(8)?
3, 7, 17
Suppose 24*s + 0*s - 8952 = 0. What are the prime factors of s?
373
List the prime factors of (-20)/170 + 159/51 - -2076.
3, 7, 11
Let x(w) be the first derivative of 6*w**2 - 1/3*w**3 + 3 + 8*w. List the prime factors of x(11).
19
Let a(t) = t**3 + 6 + 2*t**2 - 10 - t - t. Let b be a(-3). Let o = b - -56. List the prime factors of o.
7
Suppose 2*d = 41 + 15. List the prime factors of (-7)/d - (-541)/4.
3, 5
Let w(v) = -42*v + 36. List the prime factors of w(-9).
2, 3, 23
Let q = 29 - -230. What are the prime factors of q?
7, 37
Let c be (10/3)/((-5)/(-15)). Let l(s) = s + 3. List the prime factors of l(c).
13
Suppose 2*s - 2*o - 49 = -7*o, 3*s - 5*o = 11. Let f = s + 4. Let u = 1 + f. What are the prime factors of u?
17
Suppose 16*h - 3937 = 959. Let n = h + -97. What are the prime factors of n?
11, 19
Let f be ((-12)/(-10))/(1/(-5)). Suppose -8*k = 1397 - 269. List the prime factors of k/(-2)*f/(-9).
47
Suppose 12 = 4*m - 0*m. Let o(g) = -30 - 4*g + 31 - g**m + 7*g - 3*g**3. What are the prime factors of o(-2)?
3
Suppose 19*l - 22*l - 36 = 0. Suppose g + g - 94 = 0. Let h = g + l. List the prime factors of h.
5, 7
Let i = -26 + 45. Suppose 4*f - i - 429 = 0. What are the prime factors of f?
2, 7
List the prime factors of (10/(-7))/(72/(-57960)).
2, 5, 23
Let z(y) = 4*y - 2. Let h be z(3). Let s be (32/(-80))/(1/(-30)*1). Suppose 166 = -h*m + s*m. List the prime factors of m.
83
Suppose -d + y + 3*y = -554, -3*d + 1632 = -2*y. What are the prime factors of d?
2, 271
Let l = 491 - 292. Let f = l + -130. Suppose -d - 2*j - f = -6*d, -4*j + 5 = d. What are the prime factors of d?
13
What are the prime factors of ((-1666)/85 + 6)*(-85)/2?
2, 17
Suppose 3*v = -2*y + 767, -y + 0*v + 3*v + 361 = 0. Suppose -4*s = 4*k - y, -s - 2*s + k + 278 = 0. What are the prime factors of s?
3, 31
Suppose -x + 4*x = -0*x. Suppose 2*h + 8 = x, 4*n + 3*h - 188 = 5*h. What are the prime factors of n?
3, 5
Suppose 10 = -2*q + 28. Suppose -q = d - 24. List the prime factors of d.
3, 5
Let u(z) = 4*z**2. Let b be u(1). Suppose -3*t + 5*g + 98 = 0, 0 = 3*t + b*g - 78 - 65. List the prime factors of t.
41
Let z(c) = -29*c**3 - 2*c**2 - 9*c - 18. List the prime factors of z(-3).
2, 3, 43
Suppose 3*g - 20 = -5*j - 2*g, -4*j - 2*g + 22 = 0. Let p be (j + -10)*4/(-3). Suppose -3*m = p*m - 511. List the prime factors of m.
73
Let y be (-158)/(-22) + 6/(-33). Suppose -6*c = -y*c + 45. What are the prime factors of c?
3, 5
Let o(w) = 2*w**2 - 4*w - 76. Let v(a) = -9*a - 87 - 40*a**2 - 65 + 45*a**2. Let g(h) = -7*o(h) + 3*v(h). What are the prime factors of g(0)?
2, 19
Let p = 1399 - 738. List the prime factors of p.
661
Let n(x) = 266*x**2 - 4*x - 1. List the prime factors of n(2).
5, 211
Let g(l) = 28*l**2 - 10*l - 3. Let z be g(-5). Suppose 2*q + 7*q - z = 0. List the prime factors of q.
83
Let i(v) = -5*v - 3. Let m be i(-6). Suppose 6*c + m = 3*c. Let q = c - -16. What are the prime factors of q?
7
Let r = 296 - -60. Suppose 0 = -20*w + 16*w + r. List the prime factors of w.
89
Let l(r) = -1. Let k(d) = 4. Let x(n) = -k(n) - 3*l(n). Let f(s) = 2*s**2 + 8*s + 4. Let w(o) = f(o) + 5*x(o). What are the prime factors of w(-6)?
23
Suppose 0*t + 6 = t. Let h = t + -8. List the prime factors of 2*11 - h/(-2).
3, 7
Let u = -4 - -39. Let m = u + -20. List the prime factors of m.
3, 5
Let x be (4/20)/(5/(-25)). Suppose 0 = 3*w + 2*g - 1, 4*w + g - 7 = 1. List the prime factors of 33 + w + x + -2.
3, 11
Suppose 2*r - 10*r = -832. Let b = r - 8. List the prime factors of b.
2, 3
Let t = 106 - 138. What are the prime factors of ((-41)/3)/((t/(-12))/(-8))?
41
Let z = 65 - 62. Let i = 2 - 2. Suppose i = -z*y + 67 - 16. List the prime factors of y.
17
Let g(c) = 42*c**2 - 8*c - 19. What are the prime factors of g(8)?
5, 521
Let f(j) = -2*j - 7. Let v be f(-5). Suppose 2*g - v*g = -2. List the prime factors of 80/g - 10/(-5).
2, 3, 7
Suppose 250*h + 151248 = 298*h. What are the prime factors of h?
23, 137
Suppose 29*o = 20*o + 4887. What are the prime factors of o?
3, 181
Suppose 0 = 3*m - 0*t - t - 508, 0 = 5*m - 4*t - 842. Suppose 328 = 2*i + 2*z, 2*i = i - 3*z + m. What are the prime factors of i?
7, 23
Let t be (-3)/(9/6 - 2). Let h(p) = 11*p - 7. List the prime factors of h(t).
59
Let n = 2327 + -1395. What are the prime factors of n?
2, 233
Suppose 45 = -5*m - 3*q + 6315, 4*m - 5019 = -3*q. List the prime factors of m.
3, 139
Let d be (-6)/(-15)*(15 - 0). Let w(g) = g**2 - 10*g - 2*g - g + 8*g. List the prime factors of w(d).
2, 3
Suppose 31 + 349 = -5*b. Let a = b - -121. Suppose 0*z + a = z. What are the prime factors of z?
3, 5
Suppose -s - 2*k = k - 38, 0 = -s - 2*k + 39. Let z = s + -15. What are the prime factors of z?
2, 13
Let y(c) = -c**3 - 6*c**2 + 6*c - 5. Let d be y(-6). Let j = d - -68. List the prime factors of j.
3
Let a(u) = -61*u - 8. Let b be a(-3). Let k = 412 - b. List the prime factors of k.
3, 79
Suppose -2*t + 0*t = -4. Suppose -k = g + 61 - 198, -g + 142 = t*k. Suppose 3*y = 4*o + y - g, o - 4*y = 47. List the prime factors of o.
31
Suppose 6*s = -5*s + 11429. List the prime factors of s.
1039
Suppose 0 = r - 8 + 20. What are the prime factors of 111/(-2)*r/18?
37
Suppose 15*w - 67 = 6338. What are the prime factors of w?
7, 61
Let p = 570 - 273. Let y = -211 + p. What are the prime factors of y?
2, 43
List the prime factors of 152/(-20)*130/(-4).
13, 19
Let l = 5 - 16. Let j = 15 + l. Suppose 3 = -3*t + j*t. List the prime factors of t.
3
Suppose 3*r + 5*v = -r + 626, -4*r - 3*v = -622. Let i = 323 - r. What are the prime factors of i?
13
List the prime factors of 3/(3/(-3))*-58.
2, 3, 29
Let f = -53 - -42. Let s(y) = -6*y - 5. List the prime factors of s(f).
61
Let x be 0/(-3 + (3 - 1)). Suppose x = 5*j + 22 - 137. Let k = j - 16. What are the prime factors of k?
7
Suppose 6*d = -3 + 93. Suppose 2*s = 4*x - 3*s - 59, 2*s = -x + 31. Let z = x - d. List the prime factors of z.
2, 3
Let b be (-114)/14 + 4/28. Let u = -3 - b. Suppose 4*m + 168 = 4*j, 2*j = -u*m + 175 - 70. What are the prime factors of j?
3, 5
Let q(b) = b**3 - 2*b**2 + b. Suppose l + 1 = 2*l. Let y be q(l). Suppose 4*p - 51 - 61 = y. What are the prime factors of p?
2, 7
Let l(x) = 4 + 12 - 17*x + 10 - 2. List the prime factors of l(-10).
2, 97
Let v(y) be the first derivative of -y**3/3 + 5*y**2 - 11*y - 4. What are the prime factors of v(7)?
2, 5
Let m be (8/9)/(-4) - 56/(-9). Suppose 2*j - 10 = -m. What are the prime factors of j?
2
List the prime factors of (543180/550)/((-3)/(-10)).
2, 823
Let g(z) = 223*z**2 + 9*z + 7. List the prime factors of g(-1).
13, 17
Suppose 0 = 41*m - 43*m - 30. List the prime factors of m/(-20) + (2 - 442/(-8)).
2, 29
Suppose 0*f - 2*f - 4 = 0, 5*n - 4*f = 23. Suppose u - n - 2 = 0. Let m = u + 19. List the prime factors of m.
2, 3
List the prime factors of (-8)/26 - 3460160/(-2288).
2, 3, 7
Let u be 1 + -3 - -5 - -225. Suppose -4*w = -g - 196, -7*w - 3*g + u = -2*w. Suppose -4*c + 0*c + w = 0. What are the prime factors of c?
2, 3
Suppose 77 = 3*w - 142. What are the prime factors of w?
73
Suppose 2*o - 29 = 5*c - o, 3*o = 9. List the prime factors of 93 + 0 + (-7 - c).
2, 3, 5
Let v be -3*1/3*-3. Suppose -h + v = j - 2, -h - 3*j + 7 = 0. Suppose o + 5*l - 50 = 0, 0 = 2*o - h*l - 46 - 12. What are the prime factors of o?
5, 7
Suppose -1183*q = -1162*q - 56007. What are the prime factors of q?
3, 7, 1